{"id":88,"date":"2023-06-16T11:19:52","date_gmt":"2023-06-16T09:19:52","guid":{"rendered":"http:\/\/new.chercheurosteopathe.com\/?page_id=88"},"modified":"2023-06-16T11:21:10","modified_gmt":"2023-06-16T09:21:10","slug":"equipe","status":"publish","type":"page","link":"https:\/\/www.chercheurosteopathe.com\/index.php\/equipe\/","title":{"rendered":"Equipe"},"content":{"rendered":"\n<div class=\"wp-block-group has-global-padding is-layout-constrained wp-block-group-is-layout-constrained\">\n<figure class=\"wp-block-image size-full\"><img loading=\"lazy\" decoding=\"async\" width=\"800\" height=\"176\" src=\"http:\/\/new.chercheurosteopathe.com\/wp-content\/uploads\/2023\/06\/equipe.jpg\" alt=\"\" class=\"wp-image-89\" srcset=\"https:\/\/www.chercheurosteopathe.com\/wp-content\/uploads\/2023\/06\/equipe.jpg 800w, https:\/\/www.chercheurosteopathe.com\/wp-content\/uploads\/2023\/06\/equipe-300x66.jpg 300w, https:\/\/www.chercheurosteopathe.com\/wp-content\/uploads\/2023\/06\/equipe-768x169.jpg 768w\" sizes=\"auto, (max-width: 800px) 100vw, 800px\" \/><\/figure>\n\n\n\n<div class=\"wp-block-uagb-separator uagb-block-56b3a698\"><div class=\"wp-block-uagb-separator__inner\" style=\"--my-background-image:\"><\/div><\/div>\n\n\n\n<p class=\"has-vivid-cyan-blue-color has-text-color\"><strong>HERVE GAILLARD<\/strong>&nbsp;ost\u00e9opathe DOMROF expert de justice<\/p>\n\n\n\n<p class=\"has-vivid-cyan-blue-color has-text-color\"><strong>ROMAIN DIOT<\/strong>&nbsp;ost\u00e9opathe DO collaborateur<\/p>\n\n\n\n<p>Association de recherche en ost\u00e9opathie APERO<\/p>\n\n\n\n<p class=\"has-vivid-cyan-blue-color has-text-color\"><strong>LAURENT MONTESINO<\/strong>&nbsp;naturopathe m\u00e9decine Energ\u00e9tique<\/p>\n\n\n\n<p><em><a href=\"tel:0681504904\">0681504904<\/a><\/em><\/p>\n\n\n\n<p class=\"has-vivid-cyan-blue-color has-text-color\"><strong>ISABELLE CAUNE<\/strong>&nbsp;m\u00e9decine traditionnelle chinoise MTC<\/p>\n\n\n\n<p><em><a href=\"tel:0622923188\">0622923188<\/a>&nbsp;: le mardi \u00e0 Marseille Le reste \u00e0 BANDOL<\/em><\/p>\n\n\n\n<p class=\"has-vivid-cyan-blue-color has-text-color\"><strong>SANDI BRILLAUX<\/strong>&nbsp;nutritionniste conseil en nutrition<\/p>\n\n\n\n<p><em><a href=\"tel:0604532189\">0604532189<\/a><\/em><\/p>\n\n\n\n<p class=\"has-vivid-cyan-blue-color has-text-color\"><strong>Emilie DELETRE<\/strong>&nbsp;coach hypnose PNL EMDR<\/p>\n\n\n\n<p><em><a href=\"tel:0617464125\">0617464125<\/a><\/em><\/p>\n\n\n\n<p class=\"has-vivid-cyan-blue-color has-text-color\"><strong>Ambre VILLE<\/strong>&nbsp;infirmi\u00e8re<\/p>\n\n\n\n<p><em><a href=\"tel:0612572717\">0612572717<\/a><\/em><\/p>\n<\/div>\n","protected":false},"excerpt":{"rendered":"<p>HERVE GAILLARD&nbsp;ost\u00e9opathe DOMROF expert de justice ROMAIN DIOT&nbsp;ost\u00e9opathe DO collaborateur Association de recherche en ost\u00e9opathie APERO LAURENT MONTESINO&nbsp;naturopathe m\u00e9decine Energ\u00e9tique 0681504904 ISABELLE CAUNE&nbsp;m\u00e9decine traditionnelle chinoise MTC 0622923188&nbsp;: le mardi \u00e0 Marseille Le reste \u00e0 BANDOL SANDI BRILLAUX&nbsp;nutritionniste conseil en nutrition 0604532189 Emilie DELETRE&nbsp;coach hypnose PNL EMDR 0617464125 Ambre VILLE&nbsp;infirmi\u00e8re 0612572717<\/p>\n","protected":false},"author":1,"featured_media":0,"parent":0,"menu_order":0,"comment_status":"closed","ping_status":"closed","template":"","meta":{"_uag_custom_page_level_css":"","_swt_meta_header_display":false,"_swt_meta_footer_display":false,"_swt_meta_site_title_display":false,"_swt_meta_sticky_header":false,"_swt_meta_transparent_header":false,"footnotes":""},"class_list":["post-88","page","type-page","status-publish","hentry"],"uagb_featured_image_src":{"full":false,"thumbnail":false,"medium":false,"medium_large":false,"large":false,"1536x1536":false,"2048x2048":false},"uagb_author_info":{"display_name":"hgaillard","author_link":"https:\/\/www.chercheurosteopathe.com\/index.php\/author\/hgaillard\/"},"uagb_comment_info":0,"uagb_excerpt":"HERVE GAILLARD&nbsp;ost\u00e9opathe DOMROF expert de justice ROMAIN DIOT&nbsp;ost\u00e9opathe DO collaborateur Association de recherche en ost\u00e9opathie APERO LAURENT MONTESINO&nbsp;naturopathe m\u00e9decine Energ\u00e9tique 0681504904 ISABELLE CAUNE&nbsp;m\u00e9decine traditionnelle chinoise MTC 0622923188&nbsp;: le mardi \u00e0 Marseille Le reste \u00e0 BANDOL SANDI BRILLAUX&nbsp;nutritionniste conseil en nutrition 0604532189 Emilie DELETRE&nbsp;coach hypnose PNL EMDR 0617464125 Ambre VILLE&nbsp;infirmi\u00e8re 0612572717","_links":{"self":[{"href":"https:\/\/www.chercheurosteopathe.com\/index.php\/wp-json\/wp\/v2\/pages\/88","targetHints":{"allow":["GET"]}}],"collection":[{"href":"https:\/\/www.chercheurosteopathe.com\/index.php\/wp-json\/wp\/v2\/pages"}],"about":[{"href":"https:\/\/www.chercheurosteopathe.com\/index.php\/wp-json\/wp\/v2\/types\/page"}],"author":[{"embeddable":true,"href":"https:\/\/www.chercheurosteopathe.com\/index.php\/wp-json\/wp\/v2\/users\/1"}],"replies":[{"embeddable":true,"href":"https:\/\/www.chercheurosteopathe.com\/index.php\/wp-json\/wp\/v2\/comments?post=88"}],"version-history":[{"count":4,"href":"https:\/\/www.chercheurosteopathe.com\/index.php\/wp-json\/wp\/v2\/pages\/88\/revisions"}],"predecessor-version":[{"id":93,"href":"https:\/\/www.chercheurosteopathe.com\/index.php\/wp-json\/wp\/v2\/pages\/88\/revisions\/93"}],"wp:attachment":[{"href":"https:\/\/www.chercheurosteopathe.com\/index.php\/wp-json\/wp\/v2\/media?parent=88"}],"curies":[{"name":"wp","href":"https:\/\/api.w.org\/{rel}","templated":true}]}}