{"id":85,"date":"2023-06-16T11:07:45","date_gmt":"2023-06-16T09:07:45","guid":{"rendered":"http:\/\/new.chercheurosteopathe.com\/?page_id=85"},"modified":"2023-06-16T12:52:18","modified_gmt":"2023-06-16T10:52:18","slug":"consultations","status":"publish","type":"page","link":"https:\/\/www.chercheurosteopathe.com\/index.php\/consultations\/","title":{"rendered":"Consultations"},"content":{"rendered":"\n<div class=\"wp-block-group has-global-padding is-layout-constrained wp-block-group-is-layout-constrained\">\n<figure class=\"wp-block-image size-full\"><img loading=\"lazy\" decoding=\"async\" width=\"800\" height=\"139\" src=\"https:\/\/www.chercheurosteopathe.com\/wp-content\/uploads\/2023\/06\/Consultaions.jpg\" alt=\"\" class=\"wp-image-86\" srcset=\"https:\/\/www.chercheurosteopathe.com\/wp-content\/uploads\/2023\/06\/Consultaions.jpg 800w, https:\/\/www.chercheurosteopathe.com\/wp-content\/uploads\/2023\/06\/Consultaions-300x52.jpg 300w, https:\/\/www.chercheurosteopathe.com\/wp-content\/uploads\/2023\/06\/Consultaions-768x133.jpg 768w\" sizes=\"auto, (max-width: 800px) 100vw, 800px\" \/><\/figure>\n\n\n\n<p class=\"has-vivid-cyan-blue-color has-text-color\"><strong><em>Nous consultons pour tous les \u00e2ges de la&nbsp;vie;&nbsp;du nouveau-n\u00e9 \u00e0 la personne \u00e2g\u00e9e en passant par la femme enceinte, ainsi que les sportifs amateurs et de haut-niveau.<\/em><\/strong><strong><em><br><\/em><\/strong><\/p>\n\n\n\n<p class=\"has-vivid-cyan-blue-color has-text-color\"><strong><em>Le temps d\u2019une consultation peut varier, il dure en g\u00e9n\u00e9ral entre 30 et 45 minutes.<\/em><\/strong><\/p>\n\n\n\n<p class=\"has-vivid-cyan-blue-color has-text-color\"><strong><em>Les motifs de consultations en ost\u00e9opathie les plus courants sont les suivants: douleurs articulaires, osseuses et musculaires, douleurs pied, cheville, genou, hanche, bassin, pubalgie, sacro-il\u00e9ite, lombalgie, lumbago,&nbsp; dorsalgie,&nbsp;costalgie, cervicalgie, torticolis, mal au dos, c\u00e9phal\u00e9e, mal de t\u00eate, douleur abdominales, troubles du transit, canal carpien, tendinites, tennis&nbsp;elbow, douleur d\u2019\u00e9paules, suites d\u2019op\u00e9rations chirurgicales, suites d\u2019accidents, coup du lapin, s\u00e9quelles d\u2019entorses ou de fractures consolid\u00e9es, pr\u00e9paration \u00e0 l\u2019accouchement, r\u00e9gurgitations, plagioc\u00e9phalies, canal lacrymal congestionn\u00e9, otites&nbsp;s\u00e9ro-muqueuses, torticolis cong\u00e9nital, colites, troubles du sommeil.<\/em><\/strong><strong><em><br><\/em><\/strong><\/p>\n\n\n\n<p class=\"has-vivid-cyan-blue-color has-text-color has-link-color wp-elements-4632203f2dbcd8a1c0a5b32cb9d87d97\"><strong><em>Nous exer\u00e7ons du lundi au vendredi de 9h \u00e0 19h30 et le samedi matin de 9h \u00e0 12h30.<\/em><\/strong><strong><em><br>Le secr\u00e9tariat est ouvert de 8h \u00e0 20h et le samedi matin de 8h \u00e0 12h.<br>Le samedi apr\u00e8s-midi une permanence est assur\u00e9e au&nbsp;<a href=\"zoiper:0664434077\">06 64 43 40 77<\/a>.<br><\/em><\/strong><strong><em><br><\/em><\/strong><strong><em>Le stationnement sur la Corniche est facile sauf en juin, juillet et aout.<\/em><\/strong><\/p>\n\n\n\n<p class=\"has-vivid-cyan-blue-color has-text-color\"><strong><em>Par les transports en commun, prendre le bus n\u00b083&nbsp;arr\u00eat&nbsp;plage du Proph\u00e8te.<\/em><\/strong><\/p>\n<\/div>\n","protected":false},"excerpt":{"rendered":"<p>Nous consultons pour tous les \u00e2ges de la&nbsp;vie;&nbsp;du nouveau-n\u00e9 \u00e0 la personne \u00e2g\u00e9e en passant par la femme enceinte, ainsi que les sportifs amateurs et de haut-niveau. Le temps d\u2019une consultation peut varier, il dure en g\u00e9n\u00e9ral entre 30 et 45 minutes. Les motifs de consultations en ost\u00e9opathie les plus courants sont les suivants: douleurs [&hellip;]<\/p>\n","protected":false},"author":1,"featured_media":0,"parent":0,"menu_order":0,"comment_status":"closed","ping_status":"closed","template":"","meta":{"_uag_custom_page_level_css":"","_swt_meta_header_display":false,"_swt_meta_footer_display":false,"_swt_meta_site_title_display":false,"_swt_meta_sticky_header":false,"_swt_meta_transparent_header":false,"footnotes":""},"class_list":["post-85","page","type-page","status-publish","hentry"],"uagb_featured_image_src":{"full":false,"thumbnail":false,"medium":false,"medium_large":false,"large":false,"1536x1536":false,"2048x2048":false},"uagb_author_info":{"display_name":"hgaillard","author_link":"https:\/\/www.chercheurosteopathe.com\/index.php\/author\/hgaillard\/"},"uagb_comment_info":0,"uagb_excerpt":"Nous consultons pour tous les \u00e2ges de la&nbsp;vie;&nbsp;du nouveau-n\u00e9 \u00e0 la personne \u00e2g\u00e9e en passant par la femme enceinte, ainsi que les sportifs amateurs et de haut-niveau. Le temps d\u2019une consultation peut varier, il dure en g\u00e9n\u00e9ral entre 30 et 45 minutes. Les motifs de consultations en ost\u00e9opathie les plus courants sont les suivants: douleurs\u2026","_links":{"self":[{"href":"https:\/\/www.chercheurosteopathe.com\/index.php\/wp-json\/wp\/v2\/pages\/85","targetHints":{"allow":["GET"]}}],"collection":[{"href":"https:\/\/www.chercheurosteopathe.com\/index.php\/wp-json\/wp\/v2\/pages"}],"about":[{"href":"https:\/\/www.chercheurosteopathe.com\/index.php\/wp-json\/wp\/v2\/types\/page"}],"author":[{"embeddable":true,"href":"https:\/\/www.chercheurosteopathe.com\/index.php\/wp-json\/wp\/v2\/users\/1"}],"replies":[{"embeddable":true,"href":"https:\/\/www.chercheurosteopathe.com\/index.php\/wp-json\/wp\/v2\/comments?post=85"}],"version-history":[{"count":3,"href":"https:\/\/www.chercheurosteopathe.com\/index.php\/wp-json\/wp\/v2\/pages\/85\/revisions"}],"predecessor-version":[{"id":143,"href":"https:\/\/www.chercheurosteopathe.com\/index.php\/wp-json\/wp\/v2\/pages\/85\/revisions\/143"}],"wp:attachment":[{"href":"https:\/\/www.chercheurosteopathe.com\/index.php\/wp-json\/wp\/v2\/media?parent=85"}],"curies":[{"name":"wp","href":"https:\/\/api.w.org\/{rel}","templated":true}]}}