{"id":105,"date":"2023-06-16T11:55:31","date_gmt":"2023-06-16T09:55:31","guid":{"rendered":"http:\/\/new.chercheurosteopathe.com\/?page_id=105"},"modified":"2025-11-14T09:58:43","modified_gmt":"2025-11-14T08:58:43","slug":"liens","status":"publish","type":"page","link":"https:\/\/www.chercheurosteopathe.com\/index.php\/liens\/","title":{"rendered":"Liens"},"content":{"rendered":"\n<div class=\"wp-block-group has-global-padding is-layout-constrained wp-block-group-is-layout-constrained\">\n<div class=\"wp-block-uagb-image uagb-block-057b0913 wp-block-uagb-image--layout-default wp-block-uagb-image--effect-static wp-block-uagb-image--align-none\"><figure class=\"wp-block-uagb-image__figure\"><img decoding=\"async\" srcset=\"https:\/\/www.chercheurosteopathe.com\/wp-content\/uploads\/2023\/06\/MarsFri_0011.jpg ,https:\/\/www.chercheurosteopathe.com\/wp-content\/uploads\/2023\/06\/MarsFri_0011.jpg 780w, https:\/\/www.chercheurosteopathe.com\/wp-content\/uploads\/2023\/06\/MarsFri_0011.jpg 360w\" sizes=\"auto, (max-width: 480px) 150px\" src=\"https:\/\/www.chercheurosteopathe.com\/wp-content\/uploads\/2023\/06\/MarsFri_0011.jpg\" alt=\"\" class=\"uag-image-106\" width=\"800\" height=\"191\" title=\"MarsFri_0011\" loading=\"lazy\" role=\"img\"\/><\/figure><\/div>\n\n\n\n<h5 class=\"wp-block-heading\"><strong><em>Acad\u00e9mie d&rsquo;ost\u00e9opathie de France<\/em><\/strong><\/h5>\n\n\n\n<p class=\"has-vivid-cyan-blue-color has-text-color\"><a href=\"https:\/\/www.academie-osteopathie.fr\/produit\/efficacite-de-losteopathie-dans-la-prise-en-charge-des-plagiocephalies-positionnelles-du-nourrisson-etude-retrospective-sur-142-cas\" data-type=\"link\" data-id=\"https:\/\/www.academie-osteopathie.fr\/produit\/efficacite-de-losteopathie-dans-la-prise-en-charge-des-plagiocephalies-positionnelles-du-nourrisson-etude-retrospective-sur-142-cas\">Efficacit\u00e9 de l\u2019ost\u00e9opathie dans la prise en charge des plagioc\u00e9phalies positionnelles du nourrisson<\/a><\/p>\n\n\n\n<h5 class=\"wp-block-heading\"><strong><em>Association socio-professionnelles d\u2019ost\u00e9opathes&nbsp;exclusifs:<\/em><\/strong><\/h5>\n\n\n\n<p class=\"has-vivid-cyan-blue-color has-text-color\"><strong>SNOF :<\/strong>&nbsp;<a href=\"http:\/\/www.snof.fr\/\">www.profession-osteopathe.com<\/a><\/p>\n\n\n\n<p class=\"has-vivid-cyan-blue-color has-text-color\"><strong>ROF :<\/strong>&nbsp;<a href=\"http:\/\/www.osteopathie.org\/\">www.osteopathie.org<\/a><\/p>\n\n\n\n<p class=\"has-vivid-cyan-blue-color has-text-color\"><strong>GFIO :<\/strong>&nbsp;<a href=\"http:\/\/www.facebook.com\/Groupement.Francais.Interet.Osteopathes\">www.facebook.com\/Groupement.Francais.Interet.Osteopathes<\/a><\/p>\n\n\n\n<p class=\"has-vivid-cyan-blue-color has-text-color\"><strong>FEO :<\/strong>&nbsp;&nbsp;<a href=\"http:\/\/www.efo.eu\/\">www.efo.eu<\/a><\/p>\n\n\n\n<p>&nbsp;&nbsp;&nbsp;<strong><em>Chirurgie hanche et&nbsp;genou:<\/em><\/strong><\/p>\n\n\n\n<p class=\"has-vivid-cyan-blue-color has-text-color\">Dr Jean-Yves&nbsp;Arlaud&nbsp;et Dr Stephan&nbsp;Delpech:&nbsp;<a href=\"http:\/\/www.adorthopedie.com\/\">www.adorthopedie.com<\/a><\/p>\n\n\n\n<p>&nbsp;&nbsp;&nbsp;&nbsp;<strong><em>Chirurgie du membre&nbsp;sup\u00e9rieur:<\/em><\/strong><\/p>\n\n\n\n<p class=\"has-vivid-cyan-blue-color has-text-color\">Dr Renaud Gravier et Dr&nbsp;Stephane&nbsp;Airaudi:&nbsp;<a href=\"http:\/\/www.epaule-main.fr\/\">www.epaule-main.fr<\/a><\/p>\n\n\n\n<p>&nbsp;&nbsp;&nbsp;&nbsp;<strong><em>Chirurgie orthop\u00e9dique&nbsp;enfant:<\/em><\/strong><\/p>\n\n\n\n<p class=\"has-vivid-cyan-blue-color has-text-color\">Dr Marie Christine Maximin, clinique Juge et R\u00e9sidence du parc<\/p>\n\n\n\n<p>&nbsp;&nbsp;&nbsp;&nbsp;<strong><em>Cabinet&nbsp;dentaire:<\/em><\/strong><strong><em><br><\/em><\/strong><\/p>\n\n\n\n<p class=\"has-vivid-cyan-blue-color has-text-color\">Dr Laurent&nbsp;Michotey, Dr Olivier Serra et Dr Jean-Marc&nbsp;Zimmer:&nbsp;<a href=\"http:\/\/www.cabinet-dentaire-marseille.fr\/\">www.cabinet-dentaire-marseille.fr<\/a><strong><em><br><\/em><\/strong><\/p>\n\n\n\n<p>&nbsp;&nbsp;&nbsp;&nbsp;&nbsp;<strong><em>Un ost\u00e9opathe dans une autre&nbsp;ville:<\/em><\/strong><\/p>\n\n\n\n<p class=\"has-vivid-cyan-blue-color has-text-color\">Nice :&nbsp;Olivier&nbsp;Poumarat&nbsp;:&nbsp;<a href=\"http:\/\/www.osteopathe-nice.com\/\">www.osteopathe-nice.com<\/a><\/p>\n\n\n\n<p class=\"has-vivid-cyan-blue-color has-text-color\">Nice :&nbsp;Guy Salat<\/p>\n\n\n\n<p class=\"has-vivid-cyan-blue-color has-text-color\">Sophia-Antipolis :&nbsp;Frank&nbsp;Ridel&nbsp;:&nbsp;<a href=\"http:\/\/livepage.apple.com\/\">www.osteosophia.fr<\/a><\/p>\n\n\n\n<p class=\"has-vivid-cyan-blue-color has-text-color\">Toulouse :&nbsp;Jean&nbsp;Fancello<\/p>\n\n\n\n<p class=\"has-vivid-cyan-blue-color has-text-color\">Caen :&nbsp;J\u00e9rome&nbsp;Or\u00e9al<\/p>\n<\/div>\n","protected":false},"excerpt":{"rendered":"<p>Acad\u00e9mie d&rsquo;ost\u00e9opathie de France Efficacit\u00e9 de l\u2019ost\u00e9opathie dans la prise en charge des plagioc\u00e9phalies positionnelles du nourrisson Association socio-professionnelles d\u2019ost\u00e9opathes&nbsp;exclusifs: SNOF :&nbsp;www.profession-osteopathe.com ROF :&nbsp;www.osteopathie.org GFIO :&nbsp;www.facebook.com\/Groupement.Francais.Interet.Osteopathes FEO :&nbsp;&nbsp;www.efo.eu &nbsp;&nbsp;&nbsp;Chirurgie hanche et&nbsp;genou: Dr Jean-Yves&nbsp;Arlaud&nbsp;et Dr Stephan&nbsp;Delpech:&nbsp;www.adorthopedie.com &nbsp;&nbsp;&nbsp;&nbsp;Chirurgie du membre&nbsp;sup\u00e9rieur: Dr Renaud Gravier et Dr&nbsp;Stephane&nbsp;Airaudi:&nbsp;www.epaule-main.fr &nbsp;&nbsp;&nbsp;&nbsp;Chirurgie orthop\u00e9dique&nbsp;enfant: Dr Marie Christine Maximin, clinique Juge et R\u00e9sidence du parc [&hellip;]<\/p>\n","protected":false},"author":1,"featured_media":0,"parent":0,"menu_order":0,"comment_status":"closed","ping_status":"closed","template":"","meta":{"_uag_custom_page_level_css":"","_swt_meta_header_display":false,"_swt_meta_footer_display":false,"_swt_meta_site_title_display":false,"_swt_meta_sticky_header":false,"_swt_meta_transparent_header":false,"footnotes":""},"class_list":["post-105","page","type-page","status-publish","hentry"],"uagb_featured_image_src":{"full":false,"thumbnail":false,"medium":false,"medium_large":false,"large":false,"1536x1536":false,"2048x2048":false},"uagb_author_info":{"display_name":"hgaillard","author_link":"https:\/\/www.chercheurosteopathe.com\/index.php\/author\/hgaillard\/"},"uagb_comment_info":0,"uagb_excerpt":"Acad\u00e9mie d&rsquo;ost\u00e9opathie de France Efficacit\u00e9 de l\u2019ost\u00e9opathie dans la prise en charge des plagioc\u00e9phalies positionnelles du nourrisson Association socio-professionnelles d\u2019ost\u00e9opathes&nbsp;exclusifs: SNOF :&nbsp;www.profession-osteopathe.com ROF :&nbsp;www.osteopathie.org GFIO :&nbsp;www.facebook.com\/Groupement.Francais.Interet.Osteopathes FEO :&nbsp;&nbsp;www.efo.eu &nbsp;&nbsp;&nbsp;Chirurgie hanche et&nbsp;genou: Dr Jean-Yves&nbsp;Arlaud&nbsp;et Dr Stephan&nbsp;Delpech:&nbsp;www.adorthopedie.com &nbsp;&nbsp;&nbsp;&nbsp;Chirurgie du membre&nbsp;sup\u00e9rieur: Dr Renaud Gravier et Dr&nbsp;Stephane&nbsp;Airaudi:&nbsp;www.epaule-main.fr &nbsp;&nbsp;&nbsp;&nbsp;Chirurgie orthop\u00e9dique&nbsp;enfant: Dr Marie Christine Maximin, clinique Juge et R\u00e9sidence du parc\u2026","_links":{"self":[{"href":"https:\/\/www.chercheurosteopathe.com\/index.php\/wp-json\/wp\/v2\/pages\/105","targetHints":{"allow":["GET"]}}],"collection":[{"href":"https:\/\/www.chercheurosteopathe.com\/index.php\/wp-json\/wp\/v2\/pages"}],"about":[{"href":"https:\/\/www.chercheurosteopathe.com\/index.php\/wp-json\/wp\/v2\/types\/page"}],"author":[{"embeddable":true,"href":"https:\/\/www.chercheurosteopathe.com\/index.php\/wp-json\/wp\/v2\/users\/1"}],"replies":[{"embeddable":true,"href":"https:\/\/www.chercheurosteopathe.com\/index.php\/wp-json\/wp\/v2\/comments?post=105"}],"version-history":[{"count":3,"href":"https:\/\/www.chercheurosteopathe.com\/index.php\/wp-json\/wp\/v2\/pages\/105\/revisions"}],"predecessor-version":[{"id":187,"href":"https:\/\/www.chercheurosteopathe.com\/index.php\/wp-json\/wp\/v2\/pages\/105\/revisions\/187"}],"wp:attachment":[{"href":"https:\/\/www.chercheurosteopathe.com\/index.php\/wp-json\/wp\/v2\/media?parent=105"}],"curies":[{"name":"wp","href":"https:\/\/api.w.org\/{rel}","templated":true}]}}